rue
Suppose -g + 4 = 0, -h = -3*h + 3*g + 206. Is h a composite number?
False
Let h be (10/2 - 3) + 262. Let q = 677 - h. Is q a composite number?
True
Let w(k) = 7*k**2 + 7*k + 7. Let b be w(-5). Suppose 4*c - c = b. Is c prime?
False
Let g(n) = 5*n**3 + 4*n**2 - 5*n + 9. Let i(v) = 14*v**3 + 13*v**2 - 15*v + 27. Let o(l) = 8*g(l) - 3*i(l). Is o(-7) composite?
True
Suppose 541 = 4*x - 3*x. Is x composite?
False
Let s(d) = -31*d + 8. Is s(-9) composite?
True
Let m(y) = y**3 - 12*y**2 + 14*y + 1. Is m(11) prime?
False
Suppose 2*x + 3*x - 1735 = 0. Is x composite?
False
Let f be -3 + -1*2 + 1. Let i be 0 - -1*f/(-1). Let j = i + 15. Is j a prime number?
True
Let b = -3314 + 5197. Is b prime?
False
Let n = -1 + -2. Let b = n - -7. Is ((-13)/b)/((-3)/36) a composite number?
True
Suppose 2*o + 5 - 226 = 3*l, -4*o + 2*l = -430. Is o prime?
False
Let x(n) = 1 + 5*n**2 - 37*n**3 - 4*n**2 + 102*n**3 - 2*n. Let s be x(1). Let c = s - 28. Is c a prime number?
True
Let c(o) = -11*o + 10. Is c(-5) a prime number?
False
Let n = -34 - -73. Is n prime?
False
Suppose 6*r - 354 = 192. Is r prime?
False
Suppose 5*g + 0*n - n - 22121 = 0, 0 = 2*g + n - 8854. Suppose -4*r - r - 5*p + g = 0, -5*r - 2*p = -4437. Is r prime?
False
Let a be -548 + 9/(0 - 3). Let u = a - -784. Is u a composite number?
False
Let b(f) = 12*f**3 - f**2 - f - 5. Is b(3) prime?
True
Let b be 2*((-5)/2 - -2). Let t be 1*7 + 2/b. Suppose -3*p = -5*k - 70, -77 = -t*p + k + 3. Is p a prime number?
False
Let r = 30 + 25. Is r a prime number?
False
Let b(s) = 5*s**3 - 4*s**2 + 2*s + 1. Is b(4) composite?
True
Let h = -374 - -865. Is h prime?
True
Suppose k = -2*b + 5*k + 154, 4*b = 2*k + 302. Suppose b = 4*l - l. Is l a prime number?
False
Let l be (0/2 + -1)/1. Let q(m) = 2*m + 1. Let s be q(l). Is s - (-23)/(1 + 0) a prime number?
False
Let w = -8 + 167. Let t(b) = 2*b**2 - b + 1. Let u be t(1). Suppose -a + w = u*a. Is a composite?
False
Suppose q + 12 - 118 = 0. Is q prime?
False
Let a be 1/(-3) + (-39)/(-9). Let k = 1 + a. Suppose 0 = k*q - 10*q + 185. Is q composite?
False
Suppose -3*w + 3291 = 3*d, -4*w - 2*d = -d - 4388. Is w prime?
True
Suppose -j + 2 = 4. Let p = -65 + 16. Let h = j - p. Is h a prime number?
True
Let k = 708 + -365. Let y = k - 224. Is y prime?
False
Suppose -2*x - 4*j = -x - 13, -4*x + 2*j = -16. Suppose -x*i + 690 = -25. Is i a composite number?
True
Let q be 2/6 + 20/12. Suppose 3*f = 5*f - 4*o - 110, q*f + 2*o - 104 = 0. Is f a prime number?
True
Let u = -5 - -10. Suppose 5*j - 3*q + u = 0, q = -j + 3*j + 1. Is j/(-7) + (-1077)/(-21) a prime number?
False
Suppose -3*x + 5*x - 28 = 0. Suppose -5*o + 2*y + 45 = -3*y, 2*o - y = x. Suppose 0 = -3*n + 2*q + 295, 0 = -5*n + q - o*q + 455. Is n prime?
False
Suppose 0 = -15*i + 23452 + 1283. Is i a prime number?
False
Suppose f - 403 = 2*f + 5*b, -3*f - 3*b - 1173 = 0. Let t = f - -647. Is t a composite number?
True
Let h(d) = -217*d**2 + 14*d + 17. Let t(p) = -145*p**2 + 9*p + 11. Let y(v) = 5*h(v) - 8*t(v). Is y(-2) a prime number?
False
Let g be 4*(1 - (-9)/(-12)). Let o be ((-12)/14)/(g/(-7)). Suppose 0 = -c - b + 3*b + 9, -c - b = -o. Is c composite?
False
Let x = -3 + 6. Let c = x - 6. Is 77/(0 - 2 - c) composite?
True
Let h(r) = -9*r**2 - 19*r - 5. Let s(j) = 3*j**2 + 6*j + 2. Let q(p) = 2*h(p) + 7*s(p). Is q(-3) prime?
True
Let i be ((-1)/1)/(1/(-4)). Suppose -3*p + p + 6 = 0. Suppose 3*d = -i*g + p*g + 604, -d + 2*g + 213 = 0. Is d a composite number?
True
Let n be 61 + 4/4*4. Suppose -2*a - 2*q = -7*a + 930, 756 = 4*a - 4*q. Let t = a - n. Is t composite?
True
Let w = 9 + 1. Suppose -w = -4*y + 3*y. Let r = -3 + y. Is r a prime number?
True
Let h = 182 + 503. Is h prime?
False
Let i = 812 + 59. Is i a prime number?
False
Suppose -1609 = -4*w + 83. Suppose -5*a = 3*b - 428, -5*a + 0*b = -2*b - w. Is a a composite number?
True
Let x(w) = 3 - 5 - 5*w + 9. Let z be (-8)/28 - (-80)/(-14). Is x(z) composite?
False
Suppose -p + 2*p - 1055 = 0. Suppose -6*c + p = -c. Is c prime?
True
Suppose -2*b + b = -3. Suppose 81 = 5*n - 3*y, 9 = n + b*y - 0. Is n composite?
True
Is 256 + 3*4/12 a composite number?
False
Let j be 1361/(-9) + (-18)/(-81). Let y = j - -270. Is y composite?
True
Suppose 7*z - 16 = 3*z. Let u(o) = -o**3 + 5*o**2 - 3*o - 4. Let v be u(z). Is v + 6/3 + 9 a prime number?
True
Is 145/20 + -7 + (-2371)/(-4) a composite number?
False
Suppose 5*z = -7045 + 1030. Let g = z + 1708. Is g composite?
True
Let z = -111 - -155. Suppose -3*m = 2*m + 35. Let k = z + m. Is k a prime number?
True
Let x = -40 - -87. Let l = 290 + x. Is l a prime number?
True
Let s(u) be the third derivative of -u**5/60 - 5*u**4/12 - u**3 + 4*u**2. Is s(-5) composite?
False
Let a = -6 + 10. Suppose -5*w + 122 = 2*p - 3*w, 2*p - 2*w = 134. Suppose -i = -5*i - a*j + 72, -3*i - 5*j + p = 0. Is i prime?
True
Let i(a) = a**2 - 19*a + 21. Let f be i(23). Suppose -324 = -4*y + 2*y. Let z = y - f. Is z prime?
False
Let a = 137 + -66. Is a a prime number?
True
Let j(g) = -g**3 - 5*g**2 - 3*g + 4. Let d be j(-4). Let t be 0 + 0 + d + 0. Suppose -5*c - 2*f = -65, c + t*c - 4*f - 13 = 0. Is c a composite number?
False
Suppose 5*h - 4 = 4*h. Suppose 3*f - 3*o = o + 759, 4*o = -h*f + 1040. Is f prime?
True
Let n(g) = -g**3 + g + 1. Let k(z) = 60*z**3 - 3*z - 4. Let l(x) = -k(x) - 4*n(x). Is l(-1) a composite number?
True
Suppose -2*i + 2100 + 302 = 0. Let z = 1832 - i. Is z a prime number?
True
Suppose -2*n - 292 = m + 422, -2*m + 367 = -n. Let r = -190 - n. Suppose 4*z + r = 5*s, 9*z = 5*s + 4*z - 165. Is s a composite number?
False
Let w(o) = o**3 - 3*o**2 - 2*o - 5. Let q = -8 - -13. Is w(q) prime?
False
Let c = -7 + 11. Let o(v) = 33*v - 5. Is o(c) a composite number?
False
Let i = -100 + 227. Is i a prime number?
True
Suppose 387 + 1620 = 3*o. Is o a prime number?
False
Suppose 3*t = -0*t + 771. Is t composite?
False
Suppose 6 = -4*y + 6*y. Suppose 0 = -y*z + 5*u + 164, -5*z + 0*z = 5*u - 260. Is z a prime number?
True
Let p = 272 + -149. Suppose 0 = g - 2*w - p, -3*w + 3 = -3. Is g composite?
False
Let u(q) = q**3 - 5*q**3 - 4 + 7*q**2 + 5*q**3 - q + 0*q**3. Let c = -11 + 8. Is u(c) prime?
False
Let u(g) be the second derivative of -g**5/20 + 5*g**4/4 + 2*g**3 + 15*g**2/2 - 6*g. Is u(11) prime?
True
Let q(b) = -b**2 - 19*b - 21. Is q(-14) a composite number?
True
Let q be ((-3)/(-6))/(2/(-8)). Let p(y) = 4*y**2 + y - 1. Is p(q) a composite number?
False
Suppose -3170 = -5*y - c + 3732, 5509 = 4*y + 5*c. Is y a prime number?
True
Suppose 0 = 2*r - 508 - 238. Is r a prime number?
True
Let a be (-5)/((-5)/(-3))*-1. Is -6 + a + 20/2 a composite number?
False
Let v = -1398 - -2425. Is v a composite number?
True
Is 8390/20 - (-1 + (-3)/(-2)) a composite number?
False
Suppose 2*c + 14*c = 17072. Is c a composite number?
True
Let a(p) = -86*p**2 + 21*p - 6. Let r(n) = -17*n**2 + 4*n - 1. Let m(o) = 2*a(o) - 11*r(o). Let i be m(3). Suppose 0*w + w + 3*g = 110, 3*g = w - i. Is w prime?
False
Suppose -5*f + 0*f + 195 = -5*m, -3*f - 2*m = -92. Is f a prime number?
False
Let u = 57 - 23. Is u composite?
True
Suppose -5*j + 1834 = 2*i, 4*i + 3*j + 543 - 4183 = 0. Is i composite?
False
Let c = -197 - -374. Is c a prime number?
False
Let f = 5 + -3. Suppose -t = -0*t - 5*c - 39, 0 = -3*t - f*c + 49. Is t a composite number?
False
Is 2*((-18)/12)/(3/(-1319)) a composite number?
False
Let g be 18/5 + (-6)/(-15). Let z(l) = l**3 - 5*l**2 - 6*l + 4. Let s be z(6). Suppose 5*t - 99 = -s*x + 38, g*x - 12 = 0. Is t a prime number?
False
Suppose -2*z - z - 4*a = -8, -4*a = 4. Suppose 16 = z*i - 0*i. Suppose 4 = y, 3*c + i*y + 28 = 7*c. Is c prime?
True
Suppose 2*k + 38 = -0*k. Suppose -96 = -5*x + x. Let p = x - k. Is p composite?
False
Let y(q) be the first derivative of 2*q**3/3 + 3*q**2/2 + 4*q + 2. Is y(3) a prime number?
True
Let g(w) = 30*w - 13. Is g(10) a composite number?
True
Suppose 0 = 6*b - b. Suppose -4*i + 105 + 43 = b. Is i a composite number?
False
Let x(q) = -q**3 + 7*q**2 - 2. Let t = -9 + 16. Let j be x(t). Let s(c) = 3*c**2 + 2. Is s(j) a composite number?
True
Let f be (-2 - -1)*21/3. Let q(h) be the first derivative of -6*h**2 - 7*h - 1. Is q(f) a composite number?
True
Suppose -3*y + 0*y - 6 = 0. Let l = 45 + y. Suppose -4*a + l = -169. Is a a 